 prime factors of b?
2, 7
Suppose 4*c = -5*c + 28*c - 191330. What are the prime factors of c?
2, 5, 19, 53
Let z(s) = 22*s - 27. Let i be z(-10). Let n = 356 + i. Suppose -4*h + 0*h = 4*v - 156, 3*v - n = h. List the prime factors of v.
37
Let f = 141 - 138. Suppose -394 = -m - 3*j, 2*j - 1590 = -4*m - f*j. What are the prime factors of m?
2, 5
Suppose 0 = -4*n + 24, 1321*w + n = 1316*w + 65726. List the prime factors of w.
2, 31, 53
Let n = -65 - -80. Let c be (-4 + (-715)/n)*3. Let q = -18 - c. What are the prime factors of q?
137
Let j(m) = -30*m - 40. Let u be j(-4). Suppose 0 = -4*f + 1636 + u. List the prime factors of f.
3, 11, 13
Let b(m) = -m**3 + 46*m**2 - 117*m - 93. What are the prime factors of b(38)?
7013
Suppose -5*z = -3*s - 290985, -21 = 5*s - 46. What are the prime factors of z?
2, 3, 5, 97
Let q(v) = -352*v + 263. Let f be q(5). Let s = -819 - f. What are the prime factors of s?
2, 3, 113
Let p(y) = 65*y**2 + 24*y - 11. List the prime factors of p(-6).
5, 19, 23
Let i = -52948 - -125443. What are the prime factors of i?
3, 5, 179
Suppose 5*x = 9*x + a - 647, -166 = -x + 4*a. Suppose -3*h + 338 = 2*p - 188, 4*p - x = -h. List the prime factors of h.
2, 89
Suppose 1553*r - 1611*r + 1551036 = 0. List the prime factors of r.
2, 3, 4457
Let y(n) = -n**3 + 10*n**2 - 2*n + 45. Let c be y(10). Suppose -29 = -3*a + c. List the prime factors of a.
2, 3
Suppose -132 = 15*z + 7*z. What are the prime factors of (-9)/z*(-866)/(-3)?
433
Let i(r) = 2*r**2 - 14*r + 10. Suppose -7 = u + b, 0*u + 3*b + 11 = -2*u. List the prime factors of i(u).
2, 5, 7
Let m be (-15684)/(-32) + 2/(-16). Suppose -6*u = -u - m. What are the prime factors of u?
2, 7
Suppose -k = 3*k. Suppose k = -4*r - 698 + 2122. Suppose -8*u + 196 = -r. What are the prime factors of u?
3, 23
Let q(k) = 7*k + 55. Let i(c) = -16*c - 111. Let g(n) = -6*i(n) - 13*q(n). What are the prime factors of g(15)?
2, 13
Let u(v) = -2*v**2 - 52*v + 4. Let l be u(-26). List the prime factors of 22/11*446/l.
223
Let c be 948/72 + (-1)/6. Suppose 2*u = -i - c, u + 3*i - 2*i + 7 = 0. What are the prime factors of (1/(-3) + 0)*u + 66?
2, 17
Suppose -5*k - 2468 = 3*q, 1 = k - 1. Let u = q + 1757. List the prime factors of u.
7, 19
Let b(g) = -g**3 + 6*g**2 - 4*g + 11. Let m be b(7). Let f = m - -58. List the prime factors of 44 + 1 + f + 4.
41
Suppose 4*k - 825 = -7*w + 12*w, -4*w + 611 = 3*k. Suppose -z + 2*m - k = 2*z, 211 = -3*z + 5*m. Let j = z - -206. List the prime factors of j.
139
Let o = 21 + -28. Let s be (-1 + -1 + -9)*(6 + o). Suppose s*x - 15*x = -172. List the prime factors of x.
43
Let t be (26/4 - 8)*(-298)/1. Suppose 0 = -4*d + 2*u + 3025 - t, 3*d - 1935 = 3*u. What are the prime factors of d?
2, 7, 23
Suppose 0 = 3*q - 8*q + 1450. Suppose 7*y - 4399 = -q. Let w = y + -393. List the prime factors of w.
2, 97
Suppose 90 = 3*j - 3*a, -2*j - 7*a = -3*a - 30. Let i be (-10)/j*-5 - 89. What are the prime factors of i/(-5) - 15/(-25)?
2, 3
Suppose g - 4*u - 177 = 0, 3*g = 5*g - u - 319. Suppose -5*o + b + 155 + g = 0, -4*b = -12. Suppose -3*x = o - 459. List the prime factors of x.
2, 3, 11
Let o = -6757 + 9109. List the prime factors of o.
2, 3, 7
Suppose 54 = 3*j + 120. What are the prime factors of (-11)/(j/832) + 4?
2, 3, 5, 7
What are the prime factors of (-359)/(-5*(-19)/(-285))?
3, 359
Suppose 6*m - m - 34 = -3*p, 13 = p + 2*m. Suppose 0 = p*c + 4*c - 21. List the prime factors of (20/(-15) - (-1)/c) + 106.
3, 5, 7
Let w = -29066 - -33028. What are the prime factors of w?
2, 7, 283
Let p = -383 + 168. Suppose -322*z = -321*z + 142. Let h = z - p. List the prime factors of h.
73
What are the prime factors of (-36)/(-9) - 40*-106?
2, 1061
Let y be 7 + (19384 - 0)/8. Suppose 27*g = 24*g + y. What are the prime factors of g?
2, 3, 5
Let q be (-1 + 2 - -1157)/(-22 - -24). Suppose q = -8*h + 5059. List the prime factors of h.
2, 5, 7
Let z(a) = -3624*a - 4183. What are the prime factors of z(-12)?
5, 7, 1123
Let g(u) = -44*u - 339. List the prime factors of g(-39).
3, 17
Let x = 30890 - 13315. What are the prime factors of x?
5, 19, 37
Suppose 5*w = -4*i + 8*i - 10, 4*w + 8 = -2*i. Suppose i = 19*m - 22*m + 660. List the prime factors of m.
2, 5, 11
Let h = -554 + 600. What are the prime factors of h + -52 - 896/(-1)?
2, 5, 89
Let s = 11537 - 3775. What are the prime factors of s?
2, 3881
Suppose -159025 = -43*g - 21*g + 2069455. List the prime factors of g.
2, 5, 1741
Let g = 429 - 427. Suppose 5*t + 2*r = -2*r + 6103, 5*t + g*r = 6109. What are the prime factors of t?
1223
Let t(i) = -3*i**3 - 6*i**2 + 2*i + 5. Let k be t(4). Let a = -194 - k. List the prime factors of a.
3
Suppose 0 = 10*o - 9 - 61. Suppose 10*l + 3 = o*l. List the prime factors of 31 + -8 - (0 - (-2)/l).
5
Let r(i) = -748*i + 842. List the prime factors of r(-13).
2, 3, 587
Let g be -2 + -27 - -6*(-3)/9. Let l = -27 - g. Suppose f - 108 = l*v, 4*f - 4*v - 377 = v. What are the prime factors of f?
2, 11
Let i(g) = g + 29. Let n be i(-27). List the prime factors of (-3 - (-35)/15)/n*-474.
2, 79
Let w(j) = j**3 + 14*j**2 + 13*j + 3. Let q be w(-13). Suppose 3*l = -g + 5*g + 260, -349 = -4*l + q*g. What are the prime factors of l?
2, 11
Let m = 115689 - 64567. What are the prime factors of m?
2, 25561
Suppose j - 7090 = 3*n, -j - 50*n + 47*n + 7102 = 0. List the prime factors of j.
2, 887
Let g = 715 + -184. Suppose -39*w + 896 - 155 = 0. Suppose -g = -8*h - w. List the prime factors of h.
2
Let l be (-15*2)/(-6) + -3. Suppose -g - 3*g = 0, x - l*g = 301. List the prime factors of x.
7, 43
Let x = -27 - -64. Let j = x + -26. Suppose 4*n = 2*r - j + 263, 0 = -2*n + 2*r + 130. List the prime factors of n.
61
Let k(f) be the third derivative of -f**5/60 + f**4/24 - f**3 - 15*f**2. Let u be k(0). What are the prime factors of (-163 + 16)*2/u?
7
Suppose 4*q = -5*v + 3714, 2788 = 3*q + 22*v - 17*v. Suppose -q - 2644 = -14*k. What are the prime factors of k?
3, 5, 17
Let n be 2/6*(12 - 6). Let s(q) = -4*q + 15*q**2 - 21*q**2 + 4 + 29*q**n. What are the prime factors of s(2)?
2, 11
Suppose -4*b - 87 + 371 = 5*y, 5*y + 324 = 4*b. Suppose 65*d + 5225 = b*d. List the prime factors of d.
5, 19
Let h(o) = 43*o**2 - 446*o - 4078. What are the prime factors of h(-9)?
13, 263
Let w be 3205/25 - 4 - (-3)/(-15). Let l = -108 + w. What are the prime factors of l?
2
Suppose 67*q - 66*q = 321. What are the prime factors of (3 - (3 - 3)) + q?
2, 3
Let r(y) = -25*y + 2 - 3 + 4 - y. Let u be r(1). Let l = 100 + u. What are the prime factors of l?
7, 11
Let w = -89 - -83. What are the prime factors of 238 - 3*(-2)/w?
3, 79
Suppose -j + 39*b = 44*b - 15454, 4*j - 5*b = 61916. List the prime factors of j.
2, 3, 2579
Let z be (12/5)/(5*(-15)/1125). What are the prime factors of 4552/2*(-18)/z?
2, 569
Let b(q) = 5*q - 21. Let f be b(13). Let n = 89 - -99. Suppose 0 = 4*k + f - n. List the prime factors of k.
2, 3
Suppose 2*u = -0*u. Suppose 64 = 4*b - 4*f, u*f + 51 = 3*b - 4*f. Let d = b - -18. List the prime factors of d.
31
Suppose 344*c + 23776 = 352*c. What are the prime factors of c?
2, 743
Let d = 13042 + -8699. What are the prime factors of d?
43, 101
Let n(f) = 4*f**2 + 7*f + 4. Let c be n(-2). Let l(d) = d**3 + 8*d**2 - d + 20. List the prime factors of l(c).
2, 7, 37
Let d be 3200 + (2 - 14)/(-3). What are the prime factors of (d/16)/((-18)/(-48))?
2, 3, 89
Suppose -f + 7*n - 2*n + 3 = 0, 2*f + 3*n - 19 = 0. Suppose -f*x = -1399 - 649. Suppose -1121 = -5*m - x. List the prime factors of m.
173
Let g be ((-5)/(-3))/((-15)/(-54)) + -4. Suppose -595 = -g*n - 47. Let o = -118 + n. What are the prime factors of o?
2, 3, 13
Suppose 5*g = g + 16, 2*k - 4*g + 124 = 0. Let t be ((-4)/(-10))/((k/(-60))/9). Suppose -t*q - 8 = 0, 4*h + 4*q = 3*h + 48. List the prime factors of h.
2, 7
Let o(w) = 8*w + 28. Let m = -37 + 41. Let x = 5 + m. What are the prime factors of o(x)?
2, 5
Let q(r) be the second derivative of 83*r**4/6 + 13*r**3/6 + 25*r**2/2 - 7*r + 2. What are the prime factors of q(-2)?
3, 13, 17
What are the prime factors of (697 - (3 + 2))*((-429)/(-6) + 7)?
2, 157, 173
Suppose -96*h + 213920 = -173*h + 91*h. What are the prime factors of h?
2, 5, 191
Let d be (-3 + (0 - 3 - -1043))/1. Suppose -4175 + d = -6*p. What are the prime fac